{"id":5773,"date":"2023-08-19T17:28:18","date_gmt":"2023-08-19T17:28:18","guid":{"rendered":"http:\/\/191.101.1.109\/?post_type=product&#038;p=5773"},"modified":"2023-08-19T17:28:18","modified_gmt":"2023-08-19T17:28:18","slug":"sac-collier","status":"publish","type":"product","link":"\/?product=sac-collier","title":{"rendered":"Sac Collier"},"content":{"rendered":"<p><b>Sac Collier <\/b>\u00a0est une confection local \u00e0 base de collier de natte , il est con\u00e7u sur mesure \u00e0 la mains avec les accessoires traditionnels.<\/p>\n<div dir=\"auto\">\n<ul>\n<li>Mati\u00e8re : \u00a0Natte + Colier<\/li>\n<li>Coloris : rose<\/li>\n<\/ul>\n<p><b>Malheureusement<\/b><strong>\u00a0la demande pour ce sac est forte in ne reste que la couleur Rose<\/strong><\/p>\n<\/div>\n","protected":false},"excerpt":{"rendered":"<p><b>Sac Collier <\/b>\u00a0est une confection local \u00e0 base de collier de natte , il est con\u00e7u sur mesure \u00e0 la mains avec les accessoires traditionnels.<\/p>\n<div dir=\"auto\">\n<ul>\n<li>Mati\u00e8re : \u00a0Natte + Colier<\/li>\n<li>Coloris : rose<\/li>\n<\/ul>\n<p><b>Malheureusement<\/b><strong>\u00a0la demande pour ce sac est forte in ne reste que la couleur Rose<\/strong><\/p>\n<\/div>\n","protected":false},"featured_media":5774,"comment_status":"open","ping_status":"closed","template":"","meta":{"inline_featured_image":false},"product_cat":[64],"product_tag":[],"_links":{"self":[{"href":"\/index.php?rest_route=\/wp\/v2\/product\/5773"}],"collection":[{"href":"\/index.php?rest_route=\/wp\/v2\/product"}],"about":[{"href":"\/index.php?rest_route=\/wp\/v2\/types\/product"}],"replies":[{"embeddable":true,"href":"\/index.php?rest_route=%2Fwp%2Fv2%2Fcomments&post=5773"}],"version-history":[{"count":1,"href":"\/index.php?rest_route=\/wp\/v2\/product\/5773\/revisions"}],"predecessor-version":[{"id":5776,"href":"\/index.php?rest_route=\/wp\/v2\/product\/5773\/revisions\/5776"}],"wp:featuredmedia":[{"embeddable":true,"href":"\/index.php?rest_route=\/wp\/v2\/media\/5774"}],"wp:attachment":[{"href":"\/index.php?rest_route=%2Fwp%2Fv2%2Fmedia&parent=5773"}],"wp:term":[{"taxonomy":"product_cat","embeddable":true,"href":"\/index.php?rest_route=%2Fwp%2Fv2%2Fproduct_cat&post=5773"},{"taxonomy":"product_tag","embeddable":true,"href":"\/index.php?rest_route=%2Fwp%2Fv2%2Fproduct_tag&post=5773"}],"curies":[{"name":"wp","href":"https:\/\/api.w.org\/{rel}","templated":true}]}}