{"id":5687,"date":"2023-08-19T12:45:22","date_gmt":"2023-08-19T12:45:22","guid":{"rendered":"http:\/\/191.101.1.109\/?post_type=product&#038;p=5687"},"modified":"2023-08-19T13:09:54","modified_gmt":"2023-08-19T13:09:54","slug":"t-shirt-michael-kors-bleu-ciel","status":"publish","type":"product","link":"\/?product=t-shirt-michael-kors-bleu-ciel","title":{"rendered":"T-shirt Michael Kors Bleu Ciel"},"content":{"rendered":"<p><strong>T-shirt Michael Kors Bleu<\/strong> Ciel est un T-shirt standard simple avec un qualit\u00e9 cotton qui met en valeur le design sur le flan. Simple passe partout , moins ch\u00e8re les caract\u00e9ristiques de ce v\u00eatement.<\/p>\n<ul>\n<li dir=\"auto\">Mati\u00e8re :\u00a0 Cotton<\/li>\n<li dir=\"auto\">Coloris : Bleu<\/li>\n<li dir=\"auto\">Taille : M<\/li>\n<\/ul>\n","protected":false},"excerpt":{"rendered":"<p><strong>T-shirt Michael Kors Bleu<\/strong> Ciel est un T-shirt standard simple avec un qualit\u00e9 cotton qui met en valeur le design sur le flan. Simple passe partout , moins ch\u00e8re les caract\u00e9ristiques de ce v\u00eatement.<\/p>\n<ul>\n<li dir=\"auto\">Mati\u00e8re :\u00a0 Cotton<\/li>\n<li dir=\"auto\">Coloris : Bleu<\/li>\n<li dir=\"auto\">Taille : M<\/li>\n<\/ul>\n","protected":false},"featured_media":5688,"comment_status":"open","ping_status":"closed","template":"","meta":{"inline_featured_image":false},"product_cat":[95,68],"product_tag":[112],"_links":{"self":[{"href":"\/index.php?rest_route=\/wp\/v2\/product\/5687"}],"collection":[{"href":"\/index.php?rest_route=\/wp\/v2\/product"}],"about":[{"href":"\/index.php?rest_route=\/wp\/v2\/types\/product"}],"replies":[{"embeddable":true,"href":"\/index.php?rest_route=%2Fwp%2Fv2%2Fcomments&post=5687"}],"version-history":[{"count":2,"href":"\/index.php?rest_route=\/wp\/v2\/product\/5687\/revisions"}],"predecessor-version":[{"id":5705,"href":"\/index.php?rest_route=\/wp\/v2\/product\/5687\/revisions\/5705"}],"wp:featuredmedia":[{"embeddable":true,"href":"\/index.php?rest_route=\/wp\/v2\/media\/5688"}],"wp:attachment":[{"href":"\/index.php?rest_route=%2Fwp%2Fv2%2Fmedia&parent=5687"}],"wp:term":[{"taxonomy":"product_cat","embeddable":true,"href":"\/index.php?rest_route=%2Fwp%2Fv2%2Fproduct_cat&post=5687"},{"taxonomy":"product_tag","embeddable":true,"href":"\/index.php?rest_route=%2Fwp%2Fv2%2Fproduct_tag&post=5687"}],"curies":[{"name":"wp","href":"https:\/\/api.w.org\/{rel}","templated":true}]}}