{"id":5639,"date":"2023-08-03T11:27:52","date_gmt":"2023-08-03T11:27:52","guid":{"rendered":"http:\/\/191.101.1.109\/?post_type=product&#038;p=5639"},"modified":"2023-08-19T13:16:24","modified_gmt":"2023-08-19T13:16:24","slug":"debardeur-blanc-6000f","status":"publish","type":"product","link":"\/?product=debardeur-blanc-6000f","title":{"rendered":"D\u00e9bardeur Off 6000f"},"content":{"rendered":"<p>le <strong>D\u00e9bardeur Off<\/strong> est \u00e0 seulement 6000f , vous prot\u00e9ger des mauvaises transpiration du corps en plus la mati\u00e8re es tr\u00e8s bonne. Id\u00e9al pour homme comme femme . Disponible uniquement en deux tailles.<\/p>\n<ul>\n<li dir=\"auto\">Mati\u00e8re : Cotton<\/li>\n<li dir=\"auto\">Couleur: Blanc<\/li>\n<li dir=\"auto\">Taille :\u00a0 M,L<\/li>\n<\/ul>\n<p>&nbsp;<\/p>\n","protected":false},"excerpt":{"rendered":"<p>le <strong>D\u00e9bardeur Off<\/strong> est \u00e0 seulement 6000f , vous prot\u00e9ger des mauvaises transpiration du corps en plus la mati\u00e8re es tr\u00e8s bonne. Id\u00e9al pour homme comme femme . Disponible uniquement en deux tailles.<\/p>\n<ul>\n<li dir=\"auto\">Mati\u00e8re : Cotton<\/li>\n<li dir=\"auto\">Couleur: Blanc<\/li>\n<li dir=\"auto\">Taille :\u00a0 M,L<\/li>\n<\/ul>\n<p>&nbsp;<\/p>\n","protected":false},"featured_media":5642,"comment_status":"open","ping_status":"closed","template":"","meta":{"inline_featured_image":false},"product_cat":[97],"product_tag":[],"_links":{"self":[{"href":"\/index.php?rest_route=\/wp\/v2\/product\/5639"}],"collection":[{"href":"\/index.php?rest_route=\/wp\/v2\/product"}],"about":[{"href":"\/index.php?rest_route=\/wp\/v2\/types\/product"}],"replies":[{"embeddable":true,"href":"\/index.php?rest_route=%2Fwp%2Fv2%2Fcomments&post=5639"}],"version-history":[{"count":3,"href":"\/index.php?rest_route=\/wp\/v2\/product\/5639\/revisions"}],"predecessor-version":[{"id":5712,"href":"\/index.php?rest_route=\/wp\/v2\/product\/5639\/revisions\/5712"}],"wp:featuredmedia":[{"embeddable":true,"href":"\/index.php?rest_route=\/wp\/v2\/media\/5642"}],"wp:attachment":[{"href":"\/index.php?rest_route=%2Fwp%2Fv2%2Fmedia&parent=5639"}],"wp:term":[{"taxonomy":"product_cat","embeddable":true,"href":"\/index.php?rest_route=%2Fwp%2Fv2%2Fproduct_cat&post=5639"},{"taxonomy":"product_tag","embeddable":true,"href":"\/index.php?rest_route=%2Fwp%2Fv2%2Fproduct_tag&post=5639"}],"curies":[{"name":"wp","href":"https:\/\/api.w.org\/{rel}","templated":true}]}}