{"id":5635,"date":"2023-08-03T11:16:08","date_gmt":"2023-08-03T11:16:08","guid":{"rendered":"http:\/\/191.101.1.109\/?post_type=product&#038;p=5635"},"modified":"2023-08-03T11:16:08","modified_gmt":"2023-08-03T11:16:08","slug":"debardeur-blanc-3000f","status":"publish","type":"product","link":"\/?product=debardeur-blanc-3000f","title":{"rendered":"D\u00e9bardeur Blanc 3000f"},"content":{"rendered":"<p>Avec 3000f vous avez un d\u00e9bardeur Blanc , sous corps qui va vous prot\u00e9ger des mauvaises transpiration du corps en plus la mati\u00e8re es tr\u00e8s bonne. Id\u00e9al pour homme comme femme .<\/p>\n<p>A porter sous des v\u00eatements propres et disponible pour tous le monde.<\/p>\n<ul>\n<li dir=\"auto\"><strong>Mati\u00e8re : Cotton<\/strong><\/li>\n<li dir=\"auto\"><strong>Couleur: Blanc<\/strong><\/li>\n<li dir=\"auto\"><strong>Taille :\u00a0 M,L,S, 2XL , XL<\/strong><\/li>\n<\/ul>\n<p><strong>Passer votre commande\u00a0<\/strong><\/p>\n","protected":false},"excerpt":{"rendered":"<p>Avec 3000f vous avez un d\u00e9bardeur Blanc , sous corps qui va vous prot\u00e9ger des mauvaises transpiration du corps en plus la mati\u00e8re es tr\u00e8s bonne. Id\u00e9al pour homme comme femme .<\/p>\n<p>A porter sous des v\u00eatements propres et disponible pour tous le monde.<\/p>\n<ul>\n<li dir=\"auto\"><strong>Mati\u00e8re : Cotton<\/strong><\/li>\n<li dir=\"auto\"><strong>Couleur: Blanc<\/strong><\/li>\n<li dir=\"auto\"><strong>Taille :\u00a0 M,L,S, 2XL , XL<\/strong><\/li>\n<\/ul>\n<p><strong>Passer votre commande\u00a0<\/strong><\/p>\n","protected":false},"featured_media":5636,"comment_status":"open","ping_status":"closed","template":"","meta":{"inline_featured_image":false},"product_cat":[97],"product_tag":[],"_links":{"self":[{"href":"\/index.php?rest_route=\/wp\/v2\/product\/5635"}],"collection":[{"href":"\/index.php?rest_route=\/wp\/v2\/product"}],"about":[{"href":"\/index.php?rest_route=\/wp\/v2\/types\/product"}],"replies":[{"embeddable":true,"href":"\/index.php?rest_route=%2Fwp%2Fv2%2Fcomments&post=5635"}],"version-history":[{"count":1,"href":"\/index.php?rest_route=\/wp\/v2\/product\/5635\/revisions"}],"predecessor-version":[{"id":5638,"href":"\/index.php?rest_route=\/wp\/v2\/product\/5635\/revisions\/5638"}],"wp:featuredmedia":[{"embeddable":true,"href":"\/index.php?rest_route=\/wp\/v2\/media\/5636"}],"wp:attachment":[{"href":"\/index.php?rest_route=%2Fwp%2Fv2%2Fmedia&parent=5635"}],"wp:term":[{"taxonomy":"product_cat","embeddable":true,"href":"\/index.php?rest_route=%2Fwp%2Fv2%2Fproduct_cat&post=5635"},{"taxonomy":"product_tag","embeddable":true,"href":"\/index.php?rest_route=%2Fwp%2Fv2%2Fproduct_tag&post=5635"}],"curies":[{"name":"wp","href":"https:\/\/api.w.org\/{rel}","templated":true}]}}