{"id":5596,"date":"2023-08-01T22:22:07","date_gmt":"2023-08-01T22:22:07","guid":{"rendered":"http:\/\/191.101.1.109\/?post_type=product&#038;p=5596"},"modified":"2023-08-19T13:23:50","modified_gmt":"2023-08-19T13:23:50","slug":"bassin-rich-femme","status":"publish","type":"product","link":"\/?product=bassin-rich-femme","title":{"rendered":"Bassin Rich Femme"},"content":{"rendered":"<p><strong>Bassin Rich Femme <\/strong>, est originaire du nord du mali pour ceux qui veulent s&rsquo;habiller sans oublier les origines et le cot\u00e9 africain riche en coton et pluri couleurs. Id\u00e9al pour les f\u00eates , les mariages en famille etc&#8230;<\/p>\n<ul>\n<li dir=\"auto\"><strong>Mati\u00e8re : Soi<\/strong><\/li>\n<li dir=\"auto\"><strong>Couleur: Blanc , Jaune , Vert<\/strong><\/li>\n<li dir=\"auto\"><strong>Taille :\u00a0 3XL , 2XL , L<\/strong><\/li>\n<\/ul>\n<p>&nbsp;<\/p>\n","protected":false},"excerpt":{"rendered":"<p><strong>Bassin Rich Femme <\/strong>, est originaire du nord du mali pour ceux qui veulent s&rsquo;habiller sans oublier les origines et le cot\u00e9 africain riche en coton et pluri couleurs. Id\u00e9al pour les f\u00eates , les mariages en famille etc&#8230;<\/p>\n<ul>\n<li dir=\"auto\"><strong>Mati\u00e8re : Soi<\/strong><\/li>\n<li dir=\"auto\"><strong>Couleur: Blanc , Jaune , Vert<\/strong><\/li>\n<li dir=\"auto\"><strong>Taille :\u00a0 3XL , 2XL , L<\/strong><\/li>\n<\/ul>\n<p>&nbsp;<\/p>\n","protected":false},"featured_media":5598,"comment_status":"open","ping_status":"closed","template":"","meta":{"inline_featured_image":false},"product_cat":[69,99,68],"product_tag":[],"_links":{"self":[{"href":"\/index.php?rest_route=\/wp\/v2\/product\/5596"}],"collection":[{"href":"\/index.php?rest_route=\/wp\/v2\/product"}],"about":[{"href":"\/index.php?rest_route=\/wp\/v2\/types\/product"}],"replies":[{"embeddable":true,"href":"\/index.php?rest_route=%2Fwp%2Fv2%2Fcomments&post=5596"}],"version-history":[{"count":3,"href":"\/index.php?rest_route=\/wp\/v2\/product\/5596\/revisions"}],"predecessor-version":[{"id":5719,"href":"\/index.php?rest_route=\/wp\/v2\/product\/5596\/revisions\/5719"}],"wp:featuredmedia":[{"embeddable":true,"href":"\/index.php?rest_route=\/wp\/v2\/media\/5598"}],"wp:attachment":[{"href":"\/index.php?rest_route=%2Fwp%2Fv2%2Fmedia&parent=5596"}],"wp:term":[{"taxonomy":"product_cat","embeddable":true,"href":"\/index.php?rest_route=%2Fwp%2Fv2%2Fproduct_cat&post=5596"},{"taxonomy":"product_tag","embeddable":true,"href":"\/index.php?rest_route=%2Fwp%2Fv2%2Fproduct_tag&post=5596"}],"curies":[{"name":"wp","href":"https:\/\/api.w.org\/{rel}","templated":true}]}}